ime factors of 17065?
5, 3413
List the prime factors of 137.
137
List the prime factors of 59473.
59473
What are the prime factors of 1185?
3, 5, 79
List the prime factors of 28842.
2, 3, 11, 19, 23
List the prime factors of 3806.
2, 11, 173
List the prime factors of 2401.
7
What are the prime factors of 745?
5, 149
What are the prime factors of 27439?
23, 1193
List the prime factors of 624.
2, 3, 13
List the prime factors of 6621.
3, 2207
List the prime factors of 122651.
122651
List the prime factors of 8038.
2, 4019
List the prime factors of 163.
163
List the prime factors of 3068.
2, 13, 59
List the prime factors of 66856.
2, 61, 137
What are the prime factors of 1123?
1123
What are the prime factors of 26373?
3, 59, 149
List the prime factors of 20568.
2, 3, 857
What are the prime factors of 10742?
2, 41, 131
List the prime factors of 449.
449
List the prime factors of 726.
2, 3, 11
What are the prime factors of 17820?
2, 3, 5, 11
What are the prime factors of 116336?
2, 11, 661
List the prime factors of 54392.
2, 13, 523
What are the prime factors of 73629?
3, 101
List the prime factors of 18281.
101, 181
What are the prime factors of 4947?
3, 17, 97
List the prime factors of 5315.
5, 1063
What are the prime factors of 5198?
2, 23, 113
What are the prime factors of 162479?
47, 3457
List the prime factors of 4849.
13, 373
List the prime factors of 32877.
3, 13, 281
List the prime factors of 3358.
2, 23, 73
List the prime factors of 8484.
2, 3, 7, 101
What are the prime factors of 8290?
2, 5, 829
What are the prime factors of 8163?
3, 907
List the prime factors of 10877.
73, 149
List the prime factors of 130.
2, 5, 13
What are the prime factors of 3640?
2, 5, 7, 13
What are the prime factors of 9195?
3, 5, 613
List the prime factors of 6328.
2, 7, 113
List the prime factors of 5871.
3, 19, 103
What are the prime factors of 8141?
7, 1163
List the prime factors of 141986.
2, 13, 43, 127
What are the prime factors of 19203?
3, 37, 173
List the prime factors of 53799.
3, 79, 227
What are the prime factors of 732?
2, 3, 61
What are the prime factors of 2228?
2, 557
What are the prime factors of 18421?
13, 109
What are the prime factors of 1123?
1123
What are the prime factors of 24246?
2, 3, 449
List the prime factors of 11651.
61, 191
List the prime factors of 25165.
5, 7, 719
List the prime factors of 49323.
3, 41, 401
What are the prime factors of 35469?
3, 7, 563
What are the prime factors of 2802?
2, 3, 467
What are the prime factors of 566?
2, 283
List the prime factors of 7427.
7, 1061
What are the prime factors of 76?
2, 19
What are the prime factors of 63741?
3, 21247
What are the prime factors of 21886?
2, 31, 353
List the prime factors of 1398.
2, 3, 233
What are the prime factors of 35055?
3, 5, 19, 41
What are the prime factors of 1926?
2, 3, 107
What are the prime factors of 3448?
2, 431
What are the prime factors of 1663?
1663
List the prime factors of 2010.
2, 3, 5, 67
What are the prime factors of 11498?
2, 5749
List the prime factors of 5212.
2, 1303
List the prime factors of 7545.
3, 5, 503
List the prime factors of 20995.
5, 13, 17, 19
List the prime factors of 25476.
2, 3, 11, 193
What are the prime factors of 36889?
37, 997
List the prime factors of 8530.
2, 5, 853
List the prime factors of 3949.
11, 359
What are the prime factors of 33709?
13, 2593
What are the prime factors of 1935?
3, 5, 43
What are the prime factors of 1570?
2, 5, 157
List the prime factors of 4466.
2, 7, 11, 29
What are the prime factors of 16656?
2, 3, 347
List the prime factors of 85296.
2, 3, 1777
What are the prime factors of 89907?
3, 23, 1303
What are the prime factors of 50282?
2, 31, 811
What are the prime factors of 6374?
2, 3187
List the prime factors of 6977.
6977
List the prime factors of 34.
2, 17
What are the prime factors of 976?
2, 61
What are the prime factors of 4685?
5, 937
List the prime factors of 388.
2, 97
List the prime factors of 2118.
2, 3, 353
List the prime factors of 924.
2, 3, 7, 11
List the prime factors of 16324.
2, 7, 11, 53
List the prime factors of 1182.
2, 3, 197
List the prime factors of 9209.
9209
List the prime factors of 517.
11, 47
What are the prime factors of 88304?
2, 5519
List the prime factors of 28631.
28631
List the prime factors of 3117.
3, 1039
List the prime factors of 39.
3, 13
What are the prime factors of 1901?
1901
List the prime factors of 27.
3
List the prime factors of 14596.
2, 41, 89
What are the prime factors of 10141?
10141
List the prime factors of 107521.
19, 5659
List the prime factors of 16931.
16931
List the prime factors of 253.
11, 23
List the prime factors of 1366.
2, 683
What are the prime factors of 1936?
2, 11
What are the prime factors of 216?
2, 3
What are the prime factors of 264?
2, 3, 11
List the prime factors of 69915.
3, 5, 59, 79
List the prime factors of 17147.
13, 1319
List the prime factors of 40349.
157, 257
What are the prime factors of 3084?
2, 3, 257
List the prime factors of 109917.
3, 23, 59
List the prime factors of 1929.
3, 643
List the prime factors of 4257.
3, 11, 43
List the prime factors of 919.
919
List the prime factors of 1173.
3, 17, 23
List the prime factors of 30036.
2, 3, 2503
List the prime factors of 565.
5, 113
What are the prime factors of 48?
2, 3
List the prime factors of 1815.
3, 5, 11
List the prime factors of 207596.
2, 51899
What are the prime factors of 9696?
2, 3, 101
List the prime factors of 8291.
8291
List the prime factors of 20268.
2, 3, 563
List the prime factors of 4711.
7, 673
List the prime factors of 42700.
2, 5, 7, 61
What are the prime factors of 1445?
5, 17
List the prime factors of 3529.
3529
List the prime factors of 68394.
2, 3, 11399
List the prime factors of 9485.
5, 7, 271
List the prime factors of 1982.
2, 991
List the prime factors of 429.
3, 11, 13
List the prime factors of 3617.
3617
What are the prime factors of 88431?
3, 7, 4211
List the prime factors of 823.
823
List the prime factors of 51225.
3, 5, 683
What are the prime factors of 3385?
5, 677
What are the prime factors of 1923?
3, 641
What are the prime factors of 1716?
2, 3, 11, 13
What are the prime factors of 12843?
3, 1427
List the prime factors of 3973.
29, 137
List the prime factors of 1510.
2, 5, 151
List the prime factors of 19972.
2, 4993
List the prime factors of 25567.
37, 691
List the prime factors of 53016.
2, 3, 47
What are the prime factors of 2458?
2, 1229
What are the prime factors of 1768?
2, 13, 17
List the prime factors of 45834.
2, 3, 7639
What are the prime factors of 2341?
2341
List the prime factors of 12096.
2, 3, 7
What are the prime factors of 37856?
2, 7, 13
What are the prime factors of 3230?
2, 5, 17, 19
List the prime factors of 19526.
2, 13, 751
List the prime factors of 9248.
2, 17
What are the prime factors of 2307?
3, 769
What are the prime factors of 9678?
2, 3, 1613
What are the prime factors of 761?
761
What are the prime factors of 2109?
3, 19, 37
What are the prime factors of 1006?
2, 503
What are the prime factors of 21227?
21227
List the prime factors of 63837.
3, 41, 173
List the prime factors of 951.
3, 317
List the prime factors of 58808.
2, 7351
List the prime factors of 1745.
5, 349
List the prime factors of 22058.
2, 41, 269
What are the prime factors of 1623?
3, 541
List the prime factors of 5185.
5, 17, 61
List the prime factors of 1118.
2, 13, 43
List the prime factors of 1815.
3, 5, 11
What are the prime factors of 92599?
13, 17, 419
List the prime factors of 8109.
3, 17, 53
List the prime factors of 1589.
7, 227
What are the prime factors of 2793?
3, 7, 19
List the prime factors of 3415.
5, 683
List the prime factors of 18790.
2, 5, 1879
List the prime factors of 380.
2, 5, 19
List the prime factors of 3009.
3, 17, 59
List the prime factors of 226.
2, 113
What are the prime factors of 2132?
2, 13, 41
What are the prime factors of 4197?
3, 1399
What are the prime factors of 22620?
2, 3, 5, 13, 29
What are the prime factors of 31630?
2, 5, 3163
List the prime factors of 20309.
23, 883
What are the prime factors of 261?
3, 29
List the prime factors of 573.
3, 191
List the prime factors of 14223.
3, 11, 431
What are the prime factors of 7182?
2, 3, 7, 19
List the prime factors of 1078.
2, 7, 11
List the pr